e factors of 54749.
53, 1033
List the prime factors of 2370520.
2, 5, 59263
What are the prime factors of 183426?
2, 3, 19, 1609
List the prime factors of 686857.
73, 97
What are the prime factors of 1751631?
3, 7, 239, 349
List the prime factors of 34581.
3, 11527
What are the prime factors of 868519?
107, 8117
What are the prime factors of 39041?
39041
What are the prime factors of 591033?
3, 19, 10369
What are the prime factors of 10394145?
3, 5, 31, 7451
What are the prime factors of 10094247?
3, 373861
What are the prime factors of 23248153?
19, 1223587
List the prime factors of 1567058.
2, 783529
What are the prime factors of 113903?
113903
What are the prime factors of 8783043?
3, 2927681
List the prime factors of 275233.
7, 41, 137
List the prime factors of 1959817.
67, 29251
List the prime factors of 1187093.
17, 69829
What are the prime factors of 214809?
3, 7, 53, 193
List the prime factors of 2832854.
2, 41, 179, 193
What are the prime factors of 15477314?
2, 73, 227, 467
List the prime factors of 19115913.
3, 127, 131, 383
What are the prime factors of 1697432?
2, 11, 19289
What are the prime factors of 2967483?
3, 23, 29, 1483
What are the prime factors of 501424?
2, 7, 11, 37
List the prime factors of 7531000.
2, 5, 17, 443
List the prime factors of 376411.
7, 53773
What are the prime factors of 12038297?
41, 293617
List the prime factors of 17119975.
5, 684799
What are the prime factors of 22426088?
2, 1531, 1831
What are the prime factors of 451933?
451933
What are the prime factors of 3074308?
2, 131, 5867
What are the prime factors of 7802366?
2, 11, 13, 27281
List the prime factors of 350745.
3, 5, 67, 349
What are the prime factors of 9909282?
2, 3, 1651547
What are the prime factors of 748215?
3, 5, 13, 1279
List the prime factors of 1190034.
2, 3, 17, 3889
List the prime factors of 133923.
3, 44641
What are the prime factors of 8363945?
5, 67, 24967
What are the prime factors of 9095912?
2, 7, 59, 2753
What are the prime factors of 146835?
3, 5, 13, 251
What are the prime factors of 2639785?
5, 41, 79, 163
List the prime factors of 164252.
2, 11, 3733
What are the prime factors of 920321?
223, 4127
What are the prime factors of 135722?
2, 79, 859
List the prime factors of 11658380.
2, 5, 593, 983
What are the prime factors of 4280309?
11, 61, 6379
List the prime factors of 1946133.
3, 7, 1471
What are the prime factors of 777992?
2, 79, 1231
What are the prime factors of 1968014?
2, 984007
What are the prime factors of 794467?
359, 2213
What are the prime factors of 1462305?
3, 5, 13, 7499
What are the prime factors of 66899?
7, 19, 503
What are the prime factors of 485591?
149, 3259
What are the prime factors of 294559?
17, 17327
List the prime factors of 8678014.
2, 383, 11329
List the prime factors of 13206836.
2, 3301709
What are the prime factors of 26354651?
59, 67, 113
What are the prime factors of 23603982?
2, 3, 3933997
List the prime factors of 31959.
3, 53, 67
What are the prime factors of 216185?
5, 43237
What are the prime factors of 33271299?
3, 19, 194569
List the prime factors of 317070.
2, 3, 5, 13, 271
What are the prime factors of 6460360?
2, 5, 373, 433
What are the prime factors of 192523?
79, 2437
List the prime factors of 3402580.
2, 5, 61, 2789
List the prime factors of 810689.
11, 73699
List the prime factors of 11914.
2, 7, 23, 37
What are the prime factors of 274310?
2, 5, 27431
List the prime factors of 691526.
2, 11, 17, 43
List the prime factors of 120366.
2, 3, 743
What are the prime factors of 45803?
163, 281
What are the prime factors of 2477622?
2, 3, 7, 58991
List the prime factors of 20284024.
2, 449, 5647
List the prime factors of 3521058.
2, 3, 449, 1307
List the prime factors of 860218.
2, 383, 1123
List the prime factors of 561456.
2, 3, 7, 557
What are the prime factors of 5074068?
2, 3, 89, 4751
List the prime factors of 26682445.
5, 5336489
List the prime factors of 694429.
467, 1487
List the prime factors of 2076991.
7, 296713
List the prime factors of 12984535.
5, 23, 112909
What are the prime factors of 1419823?
17, 47, 1777
List the prime factors of 192455.
5, 61, 631
List the prime factors of 22190071.
379, 58549
What are the prime factors of 5713673?
7, 816239
List the prime factors of 25440407.
25440407
What are the prime factors of 1730292?
2, 3, 19, 7589
What are the prime factors of 230997?
3, 13, 5923
What are the prime factors of 5564738?
2, 821, 3389
List the prime factors of 1417245.
3, 5, 94483
List the prime factors of 1600367.
1600367
What are the prime factors of 788742?
2, 3, 29, 1511
What are the prime factors of 2057109?
3, 463, 1481
List the prime factors of 6704764.
2, 11, 152381
What are the prime factors of 8337317?
71, 117427
List the prime factors of 10297.
7, 1471
What are the prime factors of 52126?
2, 67, 389
List the prime factors of 9018541.
7, 1288363
List the prime factors of 95617.
95617
List the prime factors of 31279.
31, 1009
List the prime factors of 3507428.
2, 151, 5807
List the prime factors of 1101822.
2, 3, 183637
What are the prime factors of 81629?
81629
List the prime factors of 1207386.
2, 3, 29, 257
What are the prime factors of 9556396?
2, 443, 5393
List the prime factors of 4144522.
2, 83, 24967
List the prime factors of 478120.
2, 5, 11953
What are the prime factors of 262290?
2, 3, 5, 7, 1249
List the prime factors of 1377733.
7, 31, 907
What are the prime factors of 75439?
7, 13, 829
List the prime factors of 21402559.
1831, 11689
List the prime factors of 1054256.
2, 7, 9413
List the prime factors of 7966762.
2, 3983381
What are the prime factors of 8161412?
2, 7, 19, 23, 29
What are the prime factors of 16060264?
2, 11, 182503
List the prime factors of 440607.
3, 227, 647
List the prime factors of 1811783.
19, 167, 571
What are the prime factors of 1983984?
2, 3, 41333
What are the prime factors of 2268467?
19, 23, 29, 179
What are the prime factors of 203292?
2, 3, 5647
What are the prime factors of 11893410?
2, 3, 5, 103, 1283
What are the prime factors of 282624?
2, 3, 23
List the prime factors of 5381860.
2, 5, 11, 17, 1439
What are the prime factors of 1868359?
23, 81233
List the prime factors of 3828001.
101, 151, 251
What are the prime factors of 1517807?
1517807
What are the prime factors of 2518095?
3, 5, 167873
What are the prime factors of 9579716?
2, 197, 12157
List the prime factors of 108931.
97, 1123
What are the prime factors of 3989718?
2, 3, 23, 419
What are the prime factors of 146496?
2, 3, 7, 109
List the prime factors of 111043.
111043
What are the prime factors of 182297?
182297
What are the prime factors of 1259612?
2, 314903
List the prime factors of 1489765.
5, 297953
List the prime factors of 118784.
2, 29
List the prime factors of 24136519.
11, 2194229
What are the prime factors of 17945?
5, 37, 97
What are the prime factors of 1789840?
2, 5, 13, 1721
List the prime factors of 4982111.
167, 29833
List the prime factors of 517264.
2, 11, 2939
What are the prime factors of 2140434?
2, 3, 118913
What are the prime factors of 476773?
11, 89, 487
List the prime factors of 3899561.
983, 3967
What are the prime factors of 548898?
2, 3, 7, 1867
List the prime factors of 46527.
3, 13, 1193
What are the prime factors of 25079246?
2, 23, 457, 1193
List the prime factors of 1638850.
2, 5, 73, 449
What are the prime factors of 3163333?
31, 102043
List the prime factors of 386455.
5, 77291
List the prime factors of 3958487.
13, 59, 397
What are the prime factors of 936005?
5, 7, 47, 569
List the prime factors of 19026065.
5, 97, 39229
List the prime factors of 384543.
3, 42727
What are the prime factors of 750518?
2, 375259
What are the prime factors of 105006?
2, 3, 11, 37, 43
What are the prime factors of 4192131?
3, 131, 10667
What are the prime factors of 11022?
2, 3, 11, 167
What are the prime factors of 5034150?
2, 3, 5, 11, 113
What are the prime factors of 2741108?
2, 37, 18521
List the prime factors of 913198.
2, 11, 13, 31, 103
What are the prime factors of 7183048?
2, 897881
What are the prime factors of 13563?
3, 11, 137
What are the prime factors of 345369?
3, 115123
List the prime factors of 222401.
29, 7669
What are the prime factors of 272096?
2, 11, 773
List the prime factors of 7820596.
